tors of n.
2
Let g = 17 - 5. List the prime factors of g.
2, 3
Suppose 5*l - 5*p + p = -3, -l = -p + 1. Let h(z) = z**3 + 4*z**2 + z + 1. Let g be h(-4). What are the prime factors of 18 - (g + (l - -3))?
17
Suppose 5*a = 166 + 154. Let m = a + -30. List the prime factors of m.
2, 17
Suppose -270 = -3*c - 0*c. Suppose 3*s = -2*s + c. List the prime factors of s.
2, 3
Suppose -3*v - 5*c = -46, 5 + 6 = 3*v - 2*c. What are the prime factors of v?
7
Suppose 2*n = -2*n - y + 27, 0 = -2*n + 3*y + 3. Let u be (-38)/(-14) + n/21. Suppose 0*g - g + 14 = 2*m, -m + 14 = -u*g. What are the prime factors of m?
2
Suppose -5*j = -4*k - 270, -40 = 2*j - 4*k - 160. What are the prime factors of j?
2, 5
Let t = 123 - -165. List the prime factors of t.
2, 3
Suppose 3*s = s. Let b be (1 - s)/((-6)/(-18)). Let a = b + 0. List the prime factors of a.
3
Let z(j) = j**2 + 6*j + 5. Let a be z(-5). Let r(t) = t + 4. Let x be r(a). Suppose -5*d = -x*u - 68, -u = 5*d - 51 - 7. List the prime factors of d.
2, 3
Let b be ((-4)/(-2))/(5/35). Let r = b - 9. What are the prime factors of r?
5
What are the prime factors of 126/4 - (-9)/6?
3, 11
Let o(c) = 28*c - 4. List the prime factors of o(1).
2, 3
Let m be (5/(-3))/(7/84). Let y = -6 - m. What are the prime factors of y?
2, 7
Let z(f) = -14*f + 2. Let q be 6/15*10/(-2). List the prime factors of z(q).
2, 3, 5
Suppose -17 + 2 = -3*b. Let s be 5/(15/(-6)) - -3. Let v = b + s. What are the prime factors of v?
2, 3
Let w(n) = 72*n**3 - n**2 + 2*n - 1. What are the prime factors of w(1)?
2, 3
Let n be 2/(-4)*2 + 22. Suppose 3*q = 2*l - 6, q + 5*l - n = -6. Suppose t - 5 + q = 0. List the prime factors of t.
5
Suppose 6*h = 3*h + 30. What are the prime factors of h?
2, 5
Suppose -5*n = -3*n - 6. Suppose 2*c = c + n. Suppose -2*p = -4*j - 28, 2*j + 27 + 15 = c*p. What are the prime factors of p?
2, 7
Let n(z) = z**2 - 2*z - 2. Let i be n(4). Let k = 3 - i. Let l = k - -13. What are the prime factors of l?
2, 5
Let f = -5 + 2. Let k = 4 + f. Suppose z - 3 = -k. What are the prime factors of z?
2
Let h = -20 + 0. List the prime factors of 9/(-6)*h/3.
2, 5
Let d = -53 - -56. What are the prime factors of d?
3
List the prime factors of (-5 + (-52)/(-12))*804/(-2).
2, 67
Let u be 4/(-6)*147/(-2). Suppose u + 47 = 4*t. List the prime factors of t.
2, 3
Let h(g) = g**2 - 3*g + 2. Let f be h(3). Suppose 205 = 3*k + f*k. List the prime factors of k.
41
Suppose -b = -2*b + 2. Let h(d) = -12*d - 4 - 2*d**2 + d**b - 1 + 4. List the prime factors of h(-10).
19
Let t = 18 + -2. Suppose 0*p + t = 4*p. Suppose -5*m + 23 = 2*i, -i + 40 = 3*i + p*m. List the prime factors of i.
3
Let s(v) = -v**3 + 8*v**2 + 9*v - 2. Suppose -2*c + 4*c = 18. Let w be s(c). List the prime factors of ((-20)/(-6))/(w/(-3)).
5
Let p(a) = 2*a - 5. Let z be 68*(2 - 6/4). Suppose 4*b + 4*l - 24 = 0, 5*b - 2*l - z = -3*l. What are the prime factors of p(b)?
3
Suppose -4*w = 10 + 2. Let a be (2 - (0 + w))/(-1). Let v = a + 9. What are the prime factors of v?
2
Let m(v) = -v + 8. Let p be m(-8). List the prime factors of (-106)/(-10) - p/(-40).
11
Let b = -43 + 99. Suppose 5*k + w - 69 = 0, -b = -4*k - 0*w - w. List the prime factors of k.
13
Let u = -5 - -140. Suppose s = 6*s - u. List the prime factors of s.
3
Let k(t) be the third derivative of 3*t**4/4 + t**3/6 + 2*t**2. Let f(w) = -w**2 + 10*w + 12. Let p be f(11). List the prime factors of k(p).
19
Let o = 8 + -3. Let d(s) = -4*s**3 - 5*s**2 - s + 1. Let z(i) = 9*i**3 + 10*i**2 + 2*i - 1. Let r(g) = o*d(g) + 2*z(g). What are the prime factors of r(-3)?
3, 5
Let d = -11 + 17. Suppose 2 - d = -2*q. List the prime factors of q - (-7 + 3 - -1).
5
Suppose 75 + 87 = 3*i. Let v = -28 + i. List the prime factors of v.
2, 13
Suppose -15 = -5*g + x, -4*x - 17 = -g - x. Suppose g*p - 17 = -3*q, 3*p - 42 + 7 = 5*q. What are the prime factors of p?
2, 5
Suppose -i = v - 4*v - 3, -5*v = -2*i + 3. Let o(x) be the first derivative of -x**4/4 - 2*x**3 - x**2/2 - x - 2. List the prime factors of o(i).
5
Suppose -4*g = -0*g. Suppose -b - 4 + 6 = g. Suppose b*z + z - 57 = 0. What are the prime factors of z?
19
Let y be 80/2*(-16)/(-20). Suppose d = -5*j + 25, 4*d + 2*j - y = -j. Suppose q + 2*v = 7, d*v - 26 = -5*q + 19. List the prime factors of q.
11
Let k(a) = 11*a + 5. Let s(c) = 33*c + 14. Let r(h) = -17*k(h) + 6*s(h). What are the prime factors of r(3)?
2
Let z(a) = -a**3 - 7*a**2 - 2*a - 4. Let j be (-2)/3 - 38/6. List the prime factors of z(j).
2, 5
Suppose -3*d + 24 = 6. Let i = d + -4. Suppose i + 0 = j. What are the prime factors of j?
2
Suppose -2*h + 2*x + 4 + 276 = 0, 0 = 5*h + 4*x - 682. List the prime factors of h.
2, 3, 23
Let s(z) = 11*z**2 - z. Let g be s(1). What are the prime factors of 12/(-5)*g/(-2)?
2, 3
Let z = -2 + 6. Suppose 2*j - z*j = -2. List the prime factors of (-2 + j + -4)/(-1).
5
Suppose -34 = 4*p - 3*n, -5*p = 5*n + 29 + 31. What are the prime factors of (-228)/p - (-7)/35?
23
Suppose -j = -181 + 22. List the prime factors of j.
3, 53
Suppose 5*v - 2*v = 84. List the prime factors of v.
2, 7
Let l(g) = 2*g + 12. Let h be l(10). Suppose -2*k - 2 = -h. What are the prime factors of k?
3, 5
Let n(y) = y**3 - 2*y**2 + 3. What are the prime factors of n(3)?
2, 3
Let d be -1*1*(-8 - -7). Suppose 4*p = 4*b - 108, 0 = b + 2*p - 13 + d. What are the prime factors of b?
2, 11
List the prime factors of 294/4 - (-7)/14.
2, 37
List the prime factors of -29*(6 + (-1 - 6)).
29
Suppose 7*b - 5 = 2*b. Suppose b + 5 = 2*y. Suppose -2*n - 2*l = -0*n - 18, y*n + 5*l = 33. What are the prime factors of n?
2, 3
Let v(l) = -l**3 - 9*l**2 - 10*l + 7. List the prime factors of v(-8).
23
Let x(q) = -q - 5. Let o be x(-8). Suppose o*l - 7 = 5. What are the prime factors of l?
2
Let s = -72 - -40. List the prime factors of 81/12*s/(-12).
2, 3
Suppose 39 = 3*l - 0. Let y = 9 + l. Let p = -16 + y. What are the prime factors of p?
2, 3
Suppose -2*x + 5*x = 276. List the prime factors of 1/(-2 - x/(-44)).
11
Let d be (-356)/(-6) - 2/(-3). Suppose 2*r + 2*r - d = 0. List the prime factors of r.
3, 5
Let a be (2/4)/(2/8). Let c(m) = 5*m - 7. Let k be c(3). Let x = k + a. What are the prime factors of x?
2, 5
Let b(k) = -9*k - 5. List the prime factors of b(-13).
2, 7
Let t(o) = o**3 + 8*o**2 - 5*o + 10. Let i be t(-7). Let u = i + -32. What are the prime factors of u?
2, 31
Let t = 4 - 2. Suppose -20 = -2*u - t*u. Let m = 6 + u. What are the prime factors of m?
11
Suppose -3*b + b - 10 = 0, o - 2*b - 17 = 0. Let i = o + -4. List the prime factors of (2 - (-3)/(-9))*i.
5
Let l = 4 - 5. Let z be ((-10)/(-4))/(l/(-6)). Suppose w + 0*w = z. What are the prime factors of w?
3, 5
Let m(p) = 3*p + 10. Let q be m(-7). Let o = q - -18. List the prime factors of o.
7
Let q be (-6)/(-4)*52/3. Let f = q - 13. What are the prime factors of f?
13
Let v(g) = g**3 - 7*g**2 + 10*g - 7. Let p be v(6). Suppose -t - 4*c = -31, 3*t + 14 = 2*t + 5*c. Let o = p - t. List the prime factors of o.
2, 3
List the prime factors of (-2015)/(-30) - -4 - (-2)/(-12).
71
Let y = -10 - -15. Suppose -b + 142 = y*n, -14 = b + 2*n - 150. List the prime factors of b/(-18)*(-3)/2.
11
Let s(w) = -w**2 - 10*w - 7. Let b be s(-9). Suppose b*d = -2*o + 14, 4*o = -5 - 15. What are the prime factors of d?
2, 3
Suppose -2*l + 6 = -4*c, -2 = -l - 5*c + 1. Suppose -b + l = 2*b. List the prime factors of 34/2 - (b + 1).
3, 5
Let o be (-2)/1 + (0 - 1). Let t(x) = -x**2 - 4*x. Let j be t(o). Let i = j + -1. List the prime factors of i.
2
Let f be ((-18)/21)/((-1)/14). Suppose -18 = -3*t - 0*z + 2*z, 0 = -4*z + f. What are the prime factors of t?
2
Let m(n) be the second derivative of -n**5/10 - n**4/6 - n**2 - n. Let f be m(-2). Suppose 2*s - 5*u - 22 = 0, -u - 2*u = f. What are the prime factors of s?
2, 3
Suppose 6*s = 754 - 196. What are the prime factors of s?
3, 31
Suppose -7*j + 114 = -2*j - 2*l, 135 = 5*j + 5*l. List the prime factors of j.
2, 3
Suppose -4*p + 3*n + 31 = 0, -6*p = -p - 2*n - 30. Suppose p*o = -2*o + 210. What are the prime factors of o?
5, 7
Let w(h) = -h - 4. Let u(b) = b**2 + 10*b - 7. Let d be u(-10). What are the prime factors of w(d)?
3
Let x(t) = 4*t - 4. Let v be x(3). Suppose 2*q = v - 0. List the prime factors of q.
2
Let d = 562 + -256. What are the